{"id":7345,"date":"2025-09-29T18:39:07","date_gmt":"2025-09-29T16:39:07","guid":{"rendered":"https:\/\/www.teslaestorage.eu\/?post_type=tim&#038;p=7345"},"modified":"2025-09-29T18:39:10","modified_gmt":"2025-09-29T16:39:10","slug":"tomas-turcek","status":"publish","type":"tim","link":"https:\/\/www.teslaestorage.eu\/hu\/tim\/tomas-turcek\/","title":{"rendered":"Tom\u00e1\u0161 Tur\u010dek"},"content":{"rendered":"","protected":false},"featured_media":0,"template":"","class_list":["post-7345","tim","type-tim","status-publish","hentry"],"acf":[],"_links":{"self":[{"href":"https:\/\/www.teslaestorage.eu\/hu\/wp-json\/wp\/v2\/tim\/7345","targetHints":{"allow":["GET"]}}],"collection":[{"href":"https:\/\/www.teslaestorage.eu\/hu\/wp-json\/wp\/v2\/tim"}],"about":[{"href":"https:\/\/www.teslaestorage.eu\/hu\/wp-json\/wp\/v2\/types\/tim"}],"wp:attachment":[{"href":"https:\/\/www.teslaestorage.eu\/hu\/wp-json\/wp\/v2\/media?parent=7345"}],"curies":[{"name":"wp","href":"https:\/\/api.w.org\/{rel}","templated":true}]}}

Tomáš Turček
